he prime factors of i(9)?
2, 3, 31
Let d = 11 + -9. List the prime factors of (517/2)/11 - 1/d.
23
Let w(a) be the second derivative of -a**4/6 - a**3/3 + 3*a**2/2 - 10*a. Let r be w(-3). List the prime factors of 1*72 + r + 10.
73
Suppose -16*t + 4598 = -5*t. What are the prime factors of t?
2, 11, 19
Suppose -3 - 5 = -t. Suppose -5*p = -t*p + 45. List the prime factors of p.
3, 5
Suppose 3*w - 800 = c, -5*w - 4*c + 1807 = 451. List the prime factors of w.
2, 67
Let v(h) = -14*h**3 - h**2 + 1. Suppose -i - 2 = 2*m, -3*m + 2*i + 2*i = 3. Let n be v(m). List the prime factors of n - (0/4)/2.
2, 7
Let s = -659 - -1157. What are the prime factors of s?
2, 3, 83
Suppose 7 + 5 = -4*c. Let h be (-2325)/(-10)*(-2)/c. Suppose -5*w + h - 20 = 0. What are the prime factors of w?
3
Suppose -5*g = 2*b - 19, -3*b = -7*b - 12. Suppose 4*r + 4*u = 128, -55 = -r - r + u. Suppose -r = -g*z + 31. List the prime factors of z.
2, 3
List the prime factors of 888 - 8/(16/(-6)).
3, 11
Let o = -151 + 147. List the prime factors of (747/12)/((-3)/o).
83
Suppose 5*i - 15942 = -c, -13704 = -5*i + 5*c + 2256. List the prime factors of i.
3, 1063
Let o = -31 - -51. Suppose -2*c + 4 + o = 0. Suppose -3*n = -c - 81. What are the prime factors of n?
31
Let g(u) = 5*u + 1. Let l be g(4). Let t = l + -2. Suppose -y + t = -0*y. List the prime factors of y.
19
Suppose -3*i + 4542 - 1290 = 0. List the prime factors of i.
2, 271
What are the prime factors of 41/(((-143)/627)/(-13))?
3, 19, 41
Let w be (9/(-6) - 0) + 226/(-4). Let y = 76 + w. List the prime factors of y.
2, 3
Suppose 12*v + 2 = 13*v. Let u be v - (6 + (0 - 4)). Suppose u = -15*d + 10*d + 25. What are the prime factors of d?
5
What are the prime factors of 964/(-4)*14/(-2)?
7, 241
Let q(u) = -2*u**2 - 2*u - 2. Let m be q(-2). Let t = m + 68. What are the prime factors of t?
2, 31
Suppose -4*p - 4*h - 208 = -696, -2 = h. Let l = p + -89. What are the prime factors of l?
5, 7
Let s(t) = t**3 - 11*t**2 + 10*t + 1. Let d be s(10). Suppose 0 = -m - 0*m - d. What are the prime factors of 1 - 1 - 8*m?
2
Suppose -3*j = 3*j - 12. Suppose -x = 5*p - 3*x - 704, 3*p - j*x = 420. List the prime factors of p.
2, 71
Let t(c) = -2*c**3 - 2*c**2 + c + 2. Suppose -4*m - 23 = 5*a, 3*a - 2*a = -4*m - 11. What are the prime factors of t(a)?
5, 7
Suppose -2*d - 2*f - 1251 = -7*d, -4*d + 987 = 3*f. Suppose -19 = -5*w - d. Let x = w - -83. What are the prime factors of x?
37
Suppose -3*n - 35 = -5*n + 5*o, -o + 20 = 5*n. Suppose 6*k - 15 = k. Suppose 0 = -n*z + 113 - k. What are the prime factors of z?
2, 11
Suppose 2*n = 5*x + 404, -n + 0*x - 5*x + 202 = 0. What are the prime factors of n?
2, 101
Let l be (5 - 1) + 24/(-8). Let i be 50*l/(-2)*-2. Suppose -4*d - 18 + i = 0. List the prime factors of d.
2
Suppose -2*l - 7 = -3*h, l + 3*l - 16 = -4*h. Let o be l/(12/10 + -1). Let q = 13 - o. What are the prime factors of q?
2
Let d be (1 - 21/(-9))/(9/(-54)). Suppose -4*w + 5*t + 125 = -24, 2*w + t - 71 = 0. Let h = w + d. List the prime factors of h.
2
Let g be (-1 + 1)*(3 + (-21)/6). Suppose -5*c + 84 = -t + 5*t, g = -4*c. List the prime factors of t.
3, 7
Let w(h) = 2*h**2 - 2*h - 2. Let b be w(2). Let r(i) = 0*i + 0 - 8 - b*i. What are the prime factors of r(-6)?
2
Let l = 241 + -277. Let z = 115 - 49. Let q = l + z. What are the prime factors of q?
2, 3, 5
Suppose 0 = -5*l + 85 - 455. Let v = l + 157. What are the prime factors of v?
83
Suppose -2*x + 147 + 29 = 0. Suppose 5*w + 16 = b - 0*b, -3*b + 5*w + x = 0. What are the prime factors of b?
2, 3
Suppose 0 = x - 46 + 311. What are the prime factors of (x - 2)*(3 + 1)/(-4)?
3, 89
Suppose 0 = 5*y - 4*y + 22. Let s be 14/(-77) - 114/y. Suppose -s*v + 0*v + 35 = 5*n, 3*v = -3. What are the prime factors of n?
2
Suppose -10*c + 35 = -5. Suppose -3*a - 42 = -2*p + 66, 0 = c*a + 8. What are the prime factors of p?
3, 17
Let r = -887 - -2434. List the prime factors of r.
7, 13, 17
Suppose 0 = a + 2 + 10. Suppose 0 = o + 4*j + 4 + 8, 5*o = 2*j + 50. List the prime factors of a/o - 268/(-8).
2
Let u = 31 + -27. Suppose -29*v - u = -30*v. Suppose -2*c - 3*t - t + 54 = 0, -3*c + v*t = -121. What are the prime factors of c?
5, 7
Let q be 3477/39 + (-10)/65. Suppose -8 = -c + 3*u, -28 - q = -4*c - 5*u. List the prime factors of c.
23
Let a be ((-18)/2)/(3/2). Let r be 1 - a/(6/3). Suppose r*j - 15 = -j. List the prime factors of j.
3
Let j = 39 - 32. Suppose 12*s - 100 = j*s. What are the prime factors of s?
2, 5
Let b = 701 - 1034. Let k = -236 - b. What are the prime factors of k?
97
Suppose 0 = -5*n + 6*n + 1. List the prime factors of (2/(-4)*0 - 9)*n.
3
Suppose 3*b + 3*f - 18 = 0, f - 1 - 3 = 0. Suppose -3*y + b = -2*y. Suppose -5*u - 3*h + 47 = -u, -5*h - 43 = -y*u. What are the prime factors of u?
2, 7
Let h(p) = 64*p - 768. What are the prime factors of h(30)?
2, 3
Suppose -5*v - 6 = 4*n, 0 = 5*v + 3*n + 2*n + 10. Suppose v*u - s - 107 = 0, -4*u + 3*s = -2*u - 113. Suppose 15 - u = -g. List the prime factors of g.
37
Let t(k) = 5*k**2 - 20 + 23 - 18*k - 4*k**2. Let b be t(18). Suppose -11 - 1 = -b*p. List the prime factors of p.
2
Let h(j) = -25*j - 1. Let u be h(4). Let v be 147/(-5) - 2/(-5). Let q = v - u. What are the prime factors of q?
2, 3
Let g = -1528 + 2858. What are the prime factors of g?
2, 5, 7, 19
Let h be 2/(-3)*(-63)/14. Suppose -247 = -4*n + t, n + h*n - 250 = 2*t. What are the prime factors of n?
61
Suppose -13 - 27 = 5*w. What are the prime factors of (-546)/w + 33/44?
3, 23
Suppose -27*z = -11*z - 10304. What are the prime factors of z?
2, 7, 23
Let f(k) = 9*k + 112. Let z(l) = -5*l - 56. Let d(q) = 4*f(q) + 7*z(q). List the prime factors of d(-7).
7
Let b = 4200 + -2874. List the prime factors of b.
2, 3, 13, 17
Suppose -2*r - 116 = -3*r. Let z be r/36 - 4/18. Suppose -z*u = u - 116. What are the prime factors of u?
29
Suppose -3*q + 16 + 8 = 0. Suppose 15 + q = s + 3*o, -o = 4*s - 136. List the prime factors of s.
5, 7
Suppose -5*x = 5*r + 80, 3*r + x + 17 = -33. Let b(h) = -h**2 - 22*h - 21. What are the prime factors of b(r)?
2
Let z = -48 + 50. Suppose 570 = z*s + 3*s. What are the prime factors of s?
2, 3, 19
Let n be (-31)/(-22)*-2 + 4/(-22). Let f(w) = 19*w + 10. Let j(a) = 56*a + 29. Let q(u) = 17*f(u) - 6*j(u). List the prime factors of q(n).
5, 7
Let p be ((-8)/16)/(3/(-12)). Suppose 8*o - 62 = -p*l + 12*o, 77 = 3*l + 2*o. What are the prime factors of l?
3
Let a be (2 - 4)/(1/42). List the prime factors of (-3)/2*a/9.
2, 7
Let j(z) = 2*z**2 + 29*z - 11 - 8 - 19*z. What are the prime factors of j(-9)?
53
Let d(r) = 696*r**2 + 10*r - 9. List the prime factors of d(1).
17, 41
Suppose -d + 6*o + 12 = 2*o, 48 = 4*d + 2*o. List the prime factors of d.
2, 3
Suppose -1872 = -119*t + 106*t. List the prime factors of t.
2, 3
Let m(h) = 46*h - 83. What are the prime factors of m(14)?
3, 11, 17
Suppose 0 = 5*l - 2*w - 4681, -2*l + 371 = -2*w - 1499. List the prime factors of l.
937
Let o(r) = 23*r**3 + 0 + 0 - 2*r**2 - 1 + 2*r + 48*r**3. Let h(q) = -q**3 + 4*q**2 + q - 3. Let x be h(4). What are the prime factors of o(x)?
2, 5, 7
Let v = 22 - 25. Suppose 255 = -5*n - 0*n. List the prime factors of (v + 16/6)*n.
17
Suppose 2*g - w = 949, 4*g = -2*w + 3*w + 1901. What are the prime factors of g?
2, 7, 17
Let r = -1006 + 2922. What are the prime factors of r?
2, 479
Suppose 3 = 5*a - 12. Suppose a = y - 0. Suppose -5*n + 2*u + u = -36, y*n = 5*u + 28. What are the prime factors of n?
2, 3
Let q(v) = 40*v - 76. What are the prime factors of q(9)?
2, 71
Let v(u) = u - 4. Let a be v(6). Suppose -d - 679 = -6*d + g, -a*d + 5*g = -267. Suppose -d - 9 = -5*i. What are the prime factors of i?
29
Suppose -6110 = -d - 4*d. Suppose -7*u = -d + 494. List the prime factors of u.
2, 13
Let s = -40 - -114. List the prime factors of -1 - s*(2 + -3).
73
Let q be (900/27)/(4/(-18)*-3). Let n = q - -140. List the prime factors of n.
2, 5, 19
Let b(i) = 13*i - 3. Suppose -3*w + 4*w - 2 = 0. Let f be b(w). Let u = 1 + f. What are the prime factors of u?
2, 3
Suppose -5*c = -2570 - 1890. What are the prime factors of c?
2, 223
Let g = -2866 - -4166. List the prime factors of g.
2, 5, 13
Let h(i) = -i - 1. Let b(q) = -4*q - 9. Let y(d) = b(d) - 5*h(d). Let f be y(4). Suppose 0 = 3*o - 15,